{"id":24,"date":"2024-09-30T19:53:52","date_gmt":"2024-09-30T17:53:52","guid":{"rendered":"https:\/\/moussokunda.com\/?page_id=24"},"modified":"2024-09-30T22:25:58","modified_gmt":"2024-09-30T20:25:58","slug":"a-propos-2","status":"publish","type":"page","link":"https:\/\/moussokunda.com\/index.php\/a-propos-2\/","title":{"rendered":"A propos"},"content":{"rendered":"\n<p><strong>Mousso Kunda<\/strong>, premier site d\u2019informations en ligne et premier site d\u2019informations d\u00e9di\u00e9 \u00e0 la femme dans la r\u00e9gion de S\u00e9gou.<\/p>\n\n\n\n<p><strong>Mousso Kunda<\/strong>, est un site d\u2019information au f\u00e9minin. C\u2019est un m\u00e9dia cr\u00e9\u00e9 par une femme qui donne la voix aux femmes d\u2019ici et d\u2019ailleurs, traitant tous les sujets relatifs aux femmes. Un m\u00e9dia engag\u00e9 pour la valorisation et la promotion des femmes en g\u00e9n\u00e9ral, et celles du Mali en particulier.<\/p>\n\n\n\n<p><\/p>\n","protected":false},"excerpt":{"rendered":"<p>Mousso Kunda, premier site d\u2019informations en ligne et premier site d\u2019informations d\u00e9di\u00e9 \u00e0 la femme dans la r\u00e9gion de S\u00e9gou. Mousso Kunda, est un site d\u2019information au f\u00e9minin. C\u2019est un m\u00e9dia cr\u00e9\u00e9 par une femme qui donne la voix aux femmes d\u2019ici et d\u2019ailleurs, traitant tous les sujets relatifs aux femmes. Un m\u00e9dia engag\u00e9 pour [&hellip;]<\/p>\n","protected":false},"author":1,"featured_media":0,"parent":0,"menu_order":0,"comment_status":"closed","ping_status":"closed","template":"","meta":{"saved_in_kubio":false,"footnotes":""},"class_list":["post-24","page","type-page","status-publish","hentry"],"blocksy_meta":[],"kubio_ai_page_context":{"short_desc":"","purpose":"general"},"jetpack_sharing_enabled":true,"_links":{"self":[{"href":"https:\/\/moussokunda.com\/index.php\/wp-json\/wp\/v2\/pages\/24","targetHints":{"allow":["GET"]}}],"collection":[{"href":"https:\/\/moussokunda.com\/index.php\/wp-json\/wp\/v2\/pages"}],"about":[{"href":"https:\/\/moussokunda.com\/index.php\/wp-json\/wp\/v2\/types\/page"}],"author":[{"embeddable":true,"href":"https:\/\/moussokunda.com\/index.php\/wp-json\/wp\/v2\/users\/1"}],"replies":[{"embeddable":true,"href":"https:\/\/moussokunda.com\/index.php\/wp-json\/wp\/v2\/comments?post=24"}],"version-history":[{"count":2,"href":"https:\/\/moussokunda.com\/index.php\/wp-json\/wp\/v2\/pages\/24\/revisions"}],"predecessor-version":[{"id":97,"href":"https:\/\/moussokunda.com\/index.php\/wp-json\/wp\/v2\/pages\/24\/revisions\/97"}],"wp:attachment":[{"href":"https:\/\/moussokunda.com\/index.php\/wp-json\/wp\/v2\/media?parent=24"}],"curies":[{"name":"wp","href":"https:\/\/api.w.org\/{rel}","templated":true}]}}